{"id":425,"date":"2019-07-27T10:13:55","date_gmt":"2019-07-27T08:13:55","guid":{"rendered":"http:\/\/monpazier.adoreed.fr\/?page_id=425"},"modified":"2019-07-27T10:18:16","modified_gmt":"2019-07-27T08:18:16","slug":"le-documentaire-realise-par-laurent-lalbat-concours-2012","status":"publish","type":"page","link":"https:\/\/monpazier.adoreed.fr\/index.php\/le-documentaire-realise-par-laurent-lalbat-concours-2012\/","title":{"rendered":"Le documentaire r\u00e9alis\u00e9 par Laurent LALBAT &#8211; Concours 2012"},"content":{"rendered":"\t\t<div data-elementor-type=\"wp-post\" data-elementor-id=\"425\" class=\"elementor elementor-425\">\n\t\t\t\t\t\t<section class=\"elementor-section elementor-top-section elementor-element elementor-element-ae6e740 elementor-section-boxed elementor-section-height-default elementor-section-height-default\" data-id=\"ae6e740\" data-element_type=\"section\" data-e-type=\"section\">\n\t\t\t\t\t\t<div class=\"elementor-container elementor-column-gap-default\">\n\t\t\t\t\t<div class=\"elementor-column elementor-col-100 elementor-top-column elementor-element elementor-element-ef9f7e9\" data-id=\"ef9f7e9\" data-element_type=\"column\" data-e-type=\"column\">\n\t\t\t<div class=\"elementor-widget-wrap elementor-element-populated\">\n\t\t\t\t\t\t<div class=\"elementor-element elementor-element-433bb63 elementor-widget elementor-widget-video\" data-id=\"433bb63\" data-element_type=\"widget\" data-e-type=\"widget\" data-settings=\"{&quot;youtube_url&quot;:&quot;https:\\\/\\\/youtu.be\\\/Kd_2Vk34G7E&quot;,&quot;loop&quot;:&quot;yes&quot;,&quot;video_type&quot;:&quot;youtube&quot;,&quot;controls&quot;:&quot;yes&quot;}\" data-widget_type=\"video.default\">\n\t\t\t\t<div class=\"elementor-widget-container\">\n\t\t\t\t\t\t\t<div class=\"elementor-wrapper elementor-open-inline\">\n\t\t\t<div class=\"elementor-video\"><\/div>\t\t<\/div>\n\t\t\t\t\t\t<\/div>\n\t\t\t\t<\/div>\n\t\t\t\t\t<\/div>\n\t\t<\/div>\n\t\t\t\t\t<\/div>\n\t\t<\/section>\n\t\t\t\t<section class=\"elementor-section elementor-top-section elementor-element elementor-element-a674c69 elementor-section-boxed elementor-section-height-default elementor-section-height-default\" data-id=\"a674c69\" data-element_type=\"section\" data-e-type=\"section\">\n\t\t\t\t\t\t<div class=\"elementor-container elementor-column-gap-default\">\n\t\t\t\t\t<div class=\"elementor-column elementor-col-100 elementor-top-column elementor-element elementor-element-7dd9c6a\" data-id=\"7dd9c6a\" data-element_type=\"column\" data-e-type=\"column\">\n\t\t\t<div class=\"elementor-widget-wrap elementor-element-populated\">\n\t\t\t\t\t\t<div class=\"elementor-element elementor-element-8e7d5dd elementor-widget elementor-widget-text-editor\" data-id=\"8e7d5dd\" data-element_type=\"widget\" data-e-type=\"widget\" data-widget_type=\"text-editor.default\">\n\t\t\t\t<div class=\"elementor-widget-container\">\n\t\t\t\t\t\t\t\t\t<p style=\"text-align: center;\">Vous \u00e9tiez ou en 2012 ? Pas \u00e0 Monpazier ? Eh bien voil\u00e0 ce que vous avez manqu\u00e9&#8230; Un grand merci \u00e0 Laurent LALBAT pour la r\u00e9alisation de ce documentaire.<\/p>\t\t\t\t\t\t\t\t<\/div>\n\t\t\t\t<\/div>\n\t\t\t\t\t<\/div>\n\t\t<\/div>\n\t\t\t\t\t<\/div>\n\t\t<\/section>\n\t\t\t\t<\/div>\n\t\t","protected":false},"excerpt":{"rendered":"<p>https:\/\/youtu.be\/Kd_2Vk34G7E Vous \u00e9tiez ou en 2012 ? Pas \u00e0 Monpazier ? Eh bien voil\u00e0 ce que vous avez manqu\u00e9&#8230; Un grand merci \u00e0 Laurent LALBAT pour la r\u00e9alisation de ce documentaire.<\/p>\n","protected":false},"author":1,"featured_media":430,"parent":0,"menu_order":0,"comment_status":"closed","ping_status":"closed","template":"","meta":{"footnotes":""},"class_list":["post-425","page","type-page","status-publish","has-post-thumbnail","hentry"],"yoast_head":"<!-- This site is optimized with the Yoast SEO plugin v27.4 - https:\/\/yoast.com\/product\/yoast-seo-wordpress\/ -->\n<title>Le documentaire r\u00e9alis\u00e9 par Laurent LALBAT - Concours 2012 - ENDURANCE EQUESTRE MONPAZIER<\/title>\n<meta name=\"robots\" content=\"index, follow, max-snippet:-1, max-image-preview:large, max-video-preview:-1\" \/>\n<link rel=\"canonical\" href=\"https:\/\/monpazier.adoreed.fr\/index.php\/le-documentaire-realise-par-laurent-lalbat-concours-2012\/\" \/>\n<meta property=\"og:locale\" content=\"fr_FR\" \/>\n<meta property=\"og:type\" content=\"article\" \/>\n<meta property=\"og:title\" content=\"Le documentaire r\u00e9alis\u00e9 par Laurent LALBAT - Concours 2012 - ENDURANCE EQUESTRE MONPAZIER\" \/>\n<meta property=\"og:description\" content=\"https:\/\/youtu.be\/Kd_2Vk34G7E Vous \u00e9tiez ou en 2012 ? Pas \u00e0 Monpazier ? Eh bien voil\u00e0 ce que vous avez manqu\u00e9&#8230; Un grand merci \u00e0 Laurent LALBAT pour la r\u00e9alisation de ce documentaire.\" \/>\n<meta property=\"og:url\" content=\"https:\/\/monpazier.adoreed.fr\/index.php\/le-documentaire-realise-par-laurent-lalbat-concours-2012\/\" \/>\n<meta property=\"og:site_name\" content=\"ENDURANCE EQUESTRE MONPAZIER\" \/>\n<meta property=\"article:modified_time\" content=\"2019-07-27T08:18:16+00:00\" \/>\n<meta property=\"og:image\" content=\"https:\/\/monpazier.adoreed.fr\/wp-content\/uploads\/2019\/07\/llalbat.jpg\" \/>\n\t<meta property=\"og:image:width\" content=\"1000\" \/>\n\t<meta property=\"og:image:height\" content=\"664\" \/>\n\t<meta property=\"og:image:type\" content=\"image\/jpeg\" \/>\n<meta name=\"twitter:card\" content=\"summary_large_image\" \/>\n<script type=\"application\/ld+json\" class=\"yoast-schema-graph\">{\"@context\":\"https:\\\/\\\/schema.org\",\"@graph\":[{\"@type\":\"WebPage\",\"@id\":\"https:\\\/\\\/monpazier.adoreed.fr\\\/index.php\\\/le-documentaire-realise-par-laurent-lalbat-concours-2012\\\/\",\"url\":\"https:\\\/\\\/monpazier.adoreed.fr\\\/index.php\\\/le-documentaire-realise-par-laurent-lalbat-concours-2012\\\/\",\"name\":\"Le documentaire r\u00e9alis\u00e9 par Laurent LALBAT - Concours 2012 - ENDURANCE EQUESTRE MONPAZIER\",\"isPartOf\":{\"@id\":\"https:\\\/\\\/monpazier.adoreed.fr\\\/#website\"},\"primaryImageOfPage\":{\"@id\":\"https:\\\/\\\/monpazier.adoreed.fr\\\/index.php\\\/le-documentaire-realise-par-laurent-lalbat-concours-2012\\\/#primaryimage\"},\"image\":{\"@id\":\"https:\\\/\\\/monpazier.adoreed.fr\\\/index.php\\\/le-documentaire-realise-par-laurent-lalbat-concours-2012\\\/#primaryimage\"},\"thumbnailUrl\":\"https:\\\/\\\/monpazier.adoreed.fr\\\/wp-content\\\/uploads\\\/2019\\\/07\\\/llalbat.jpg\",\"datePublished\":\"2019-07-27T08:13:55+00:00\",\"dateModified\":\"2019-07-27T08:18:16+00:00\",\"breadcrumb\":{\"@id\":\"https:\\\/\\\/monpazier.adoreed.fr\\\/index.php\\\/le-documentaire-realise-par-laurent-lalbat-concours-2012\\\/#breadcrumb\"},\"inLanguage\":\"fr-FR\",\"potentialAction\":[{\"@type\":\"ReadAction\",\"target\":[\"https:\\\/\\\/monpazier.adoreed.fr\\\/index.php\\\/le-documentaire-realise-par-laurent-lalbat-concours-2012\\\/\"]}]},{\"@type\":\"ImageObject\",\"inLanguage\":\"fr-FR\",\"@id\":\"https:\\\/\\\/monpazier.adoreed.fr\\\/index.php\\\/le-documentaire-realise-par-laurent-lalbat-concours-2012\\\/#primaryimage\",\"url\":\"https:\\\/\\\/monpazier.adoreed.fr\\\/wp-content\\\/uploads\\\/2019\\\/07\\\/llalbat.jpg\",\"contentUrl\":\"https:\\\/\\\/monpazier.adoreed.fr\\\/wp-content\\\/uploads\\\/2019\\\/07\\\/llalbat.jpg\",\"width\":1000,\"height\":664},{\"@type\":\"BreadcrumbList\",\"@id\":\"https:\\\/\\\/monpazier.adoreed.fr\\\/index.php\\\/le-documentaire-realise-par-laurent-lalbat-concours-2012\\\/#breadcrumb\",\"itemListElement\":[{\"@type\":\"ListItem\",\"position\":1,\"name\":\"Accueil\",\"item\":\"https:\\\/\\\/monpazier.adoreed.fr\\\/\"},{\"@type\":\"ListItem\",\"position\":2,\"name\":\"Le documentaire r\u00e9alis\u00e9 par Laurent LALBAT &#8211; Concours 2012\"}]},{\"@type\":\"WebSite\",\"@id\":\"https:\\\/\\\/monpazier.adoreed.fr\\\/#website\",\"url\":\"https:\\\/\\\/monpazier.adoreed.fr\\\/\",\"name\":\"ENDURANCE EQUESTRE MONPAZIER\",\"description\":\"\",\"potentialAction\":[{\"@type\":\"SearchAction\",\"target\":{\"@type\":\"EntryPoint\",\"urlTemplate\":\"https:\\\/\\\/monpazier.adoreed.fr\\\/?s={search_term_string}\"},\"query-input\":{\"@type\":\"PropertyValueSpecification\",\"valueRequired\":true,\"valueName\":\"search_term_string\"}}],\"inLanguage\":\"fr-FR\"}]}<\/script>\n<!-- \/ Yoast SEO plugin. -->","yoast_head_json":{"title":"Le documentaire r\u00e9alis\u00e9 par Laurent LALBAT - Concours 2012 - ENDURANCE EQUESTRE MONPAZIER","robots":{"index":"index","follow":"follow","max-snippet":"max-snippet:-1","max-image-preview":"max-image-preview:large","max-video-preview":"max-video-preview:-1"},"canonical":"https:\/\/monpazier.adoreed.fr\/index.php\/le-documentaire-realise-par-laurent-lalbat-concours-2012\/","og_locale":"fr_FR","og_type":"article","og_title":"Le documentaire r\u00e9alis\u00e9 par Laurent LALBAT - Concours 2012 - ENDURANCE EQUESTRE MONPAZIER","og_description":"https:\/\/youtu.be\/Kd_2Vk34G7E Vous \u00e9tiez ou en 2012 ? Pas \u00e0 Monpazier ? Eh bien voil\u00e0 ce que vous avez manqu\u00e9&#8230; Un grand merci \u00e0 Laurent LALBAT pour la r\u00e9alisation de ce documentaire.","og_url":"https:\/\/monpazier.adoreed.fr\/index.php\/le-documentaire-realise-par-laurent-lalbat-concours-2012\/","og_site_name":"ENDURANCE EQUESTRE MONPAZIER","article_modified_time":"2019-07-27T08:18:16+00:00","og_image":[{"width":1000,"height":664,"url":"https:\/\/monpazier.adoreed.fr\/wp-content\/uploads\/2019\/07\/llalbat.jpg","type":"image\/jpeg"}],"twitter_card":"summary_large_image","schema":{"@context":"https:\/\/schema.org","@graph":[{"@type":"WebPage","@id":"https:\/\/monpazier.adoreed.fr\/index.php\/le-documentaire-realise-par-laurent-lalbat-concours-2012\/","url":"https:\/\/monpazier.adoreed.fr\/index.php\/le-documentaire-realise-par-laurent-lalbat-concours-2012\/","name":"Le documentaire r\u00e9alis\u00e9 par Laurent LALBAT - Concours 2012 - ENDURANCE EQUESTRE MONPAZIER","isPartOf":{"@id":"https:\/\/monpazier.adoreed.fr\/#website"},"primaryImageOfPage":{"@id":"https:\/\/monpazier.adoreed.fr\/index.php\/le-documentaire-realise-par-laurent-lalbat-concours-2012\/#primaryimage"},"image":{"@id":"https:\/\/monpazier.adoreed.fr\/index.php\/le-documentaire-realise-par-laurent-lalbat-concours-2012\/#primaryimage"},"thumbnailUrl":"https:\/\/monpazier.adoreed.fr\/wp-content\/uploads\/2019\/07\/llalbat.jpg","datePublished":"2019-07-27T08:13:55+00:00","dateModified":"2019-07-27T08:18:16+00:00","breadcrumb":{"@id":"https:\/\/monpazier.adoreed.fr\/index.php\/le-documentaire-realise-par-laurent-lalbat-concours-2012\/#breadcrumb"},"inLanguage":"fr-FR","potentialAction":[{"@type":"ReadAction","target":["https:\/\/monpazier.adoreed.fr\/index.php\/le-documentaire-realise-par-laurent-lalbat-concours-2012\/"]}]},{"@type":"ImageObject","inLanguage":"fr-FR","@id":"https:\/\/monpazier.adoreed.fr\/index.php\/le-documentaire-realise-par-laurent-lalbat-concours-2012\/#primaryimage","url":"https:\/\/monpazier.adoreed.fr\/wp-content\/uploads\/2019\/07\/llalbat.jpg","contentUrl":"https:\/\/monpazier.adoreed.fr\/wp-content\/uploads\/2019\/07\/llalbat.jpg","width":1000,"height":664},{"@type":"BreadcrumbList","@id":"https:\/\/monpazier.adoreed.fr\/index.php\/le-documentaire-realise-par-laurent-lalbat-concours-2012\/#breadcrumb","itemListElement":[{"@type":"ListItem","position":1,"name":"Accueil","item":"https:\/\/monpazier.adoreed.fr\/"},{"@type":"ListItem","position":2,"name":"Le documentaire r\u00e9alis\u00e9 par Laurent LALBAT &#8211; Concours 2012"}]},{"@type":"WebSite","@id":"https:\/\/monpazier.adoreed.fr\/#website","url":"https:\/\/monpazier.adoreed.fr\/","name":"ENDURANCE EQUESTRE MONPAZIER","description":"","potentialAction":[{"@type":"SearchAction","target":{"@type":"EntryPoint","urlTemplate":"https:\/\/monpazier.adoreed.fr\/?s={search_term_string}"},"query-input":{"@type":"PropertyValueSpecification","valueRequired":true,"valueName":"search_term_string"}}],"inLanguage":"fr-FR"}]}},"_links":{"self":[{"href":"https:\/\/monpazier.adoreed.fr\/index.php\/wp-json\/wp\/v2\/pages\/425","targetHints":{"allow":["GET"]}}],"collection":[{"href":"https:\/\/monpazier.adoreed.fr\/index.php\/wp-json\/wp\/v2\/pages"}],"about":[{"href":"https:\/\/monpazier.adoreed.fr\/index.php\/wp-json\/wp\/v2\/types\/page"}],"author":[{"embeddable":true,"href":"https:\/\/monpazier.adoreed.fr\/index.php\/wp-json\/wp\/v2\/users\/1"}],"replies":[{"embeddable":true,"href":"https:\/\/monpazier.adoreed.fr\/index.php\/wp-json\/wp\/v2\/comments?post=425"}],"version-history":[{"count":6,"href":"https:\/\/monpazier.adoreed.fr\/index.php\/wp-json\/wp\/v2\/pages\/425\/revisions"}],"predecessor-version":[{"id":434,"href":"https:\/\/monpazier.adoreed.fr\/index.php\/wp-json\/wp\/v2\/pages\/425\/revisions\/434"}],"wp:featuredmedia":[{"embeddable":true,"href":"https:\/\/monpazier.adoreed.fr\/index.php\/wp-json\/wp\/v2\/media\/430"}],"wp:attachment":[{"href":"https:\/\/monpazier.adoreed.fr\/index.php\/wp-json\/wp\/v2\/media?parent=425"}],"curies":[{"name":"wp","href":"https:\/\/api.w.org\/{rel}","templated":true}]}}